8 a multiple of 553?
True
Does 34 divide 1597919?
False
Is 4181366 a multiple of 790?
False
Is 427210 a multiple of 34?
True
Does 16 divide 7127991?
False
Is 99 a factor of 1130778?
True
Is 239 a factor of 3558232?
True
Is 34 a factor of 20876?
True
Is 514768 a multiple of 656?
False
Does 7 divide 78974?
True
Is 5455912 a multiple of 1011?
False
Is 511056 a multiple of 72?
True
Does 95 divide 1046235?
True
Is 5278288 a multiple of 68?
False
Is 6 a factor of 91508?
False
Is 44 a factor of 7353467?
False
Does 7 divide 9440214?
True
Is 245 a factor of 1734845?
True
Is 400 a factor of 5177753?
False
Is 26 a factor of 412017?
False
Is 4 a factor of 102757?
False
Does 16 divide 862992?
True
Is 323730 a multiple of 654?
True
Is 404883 a multiple of 9?
True
Does 68 divide 3223880?
True
Does 291 divide 129495?
True
Is 133 a factor of 8844899?
True
Does 15 divide 68880?
True
Does 15 divide 190950?
True
Is 221 a factor of 1842477?
True
Does 114 divide 35985?
False
Does 347 divide 146271?
False
Does 6 divide 166478?
False
Does 3 divide 347?
False
Is 4269569 a multiple of 13?
False
Is 12 a factor of 137700?
True
Is 186645 a multiple of 23?
True
Does 200 divide 879800?
True
Is 12 a factor of 1167432?
True
Is 13 a factor of 5939700?
True
Does 8 divide 592480?
True
Is 25 a factor of 351789?
False
Does 44 divide 4467980?
True
Is 211394 a multiple of 19?
True
Is 350260 a multiple of 332?
True
Is 1542104 a multiple of 13?
False
Does 69 divide 3649836?
False
Does 256 divide 3005440?
True
Is 79459 a multiple of 11?
False
Does 116 divide 3484988?
True
Is 408 a factor of 480358?
False
Is 3 a factor of 636874?
False
Is 3 a factor of 1470934?
False
Does 11 divide 107880?
False
Does 1080 divide 285007?
False
Is 47 a factor of 50666?
True
Is 17 a factor of 4898?
False
Is 46575 a multiple of 75?
True
Is 680738 a multiple of 791?
False
Is 18345 a multiple of 107?
False
Does 5 divide 4191395?
True
Is 3 a factor of 6429?
True
Is 4 a factor of 23726?
False
Does 38 divide 375934?
True
Does 64 divide 716864?
True
Does 642 divide 780409?
False
Does 202 divide 154342?
False
Does 129 divide 178536?
True
Is 121235 a multiple of 3?
False
Does 147 divide 920220?
True
Does 3 divide 614203?
False
Does 37 divide 5518661?
True
Is 255 a factor of 1968995?
False
Does 315 divide 207270?
True
Is 218940 a multiple of 20?
True
Is 13 a factor of 2751541?
True
Is 65157 even?
False
Does 27 divide 3712950?
False
Is 3 a factor of 2400678?
True
Does 4 divide 1239543?
False
Does 142 divide 1816110?
False
Is 179 a factor of 1790?
True
Does 651 divide 626633?
False
Does 202 divide 13477165?
False
Is 9626443 a multiple of 325?
False
Is 124 a factor of 2905278?
False
Does 224 divide 712830?
False
Is 2100892 a multiple of 4?
True
Is 52 a factor of 203320?
True
Is 598540 a multiple of 20?
True
Does 250 divide 65500?
True
Is 104 a factor of 1566032?
True
Does 77 divide 649668?
False
Is 27 a factor of 2199680?
False
Is 5777424 a multiple of 18?
True
Is 12 a factor of 70656?
True
Does 9 divide 518858?
False
Is 155 a factor of 9781585?
True
Is 5 a factor of 41296?
False
Does 32 divide 2855688?
False
Is 16 a factor of 226672?
True
Is 231575 a multiple of 15?
False
Is 102 a factor of 473247?
False
Is 2 a factor of 3695048?
True
Is 3829848 a multiple of 11?
True
Does 361 divide 1013641?
False
Does 50 divide 4266400?
True
Does 167 divide 1469297?
False
Does 205 divide 5257020?
True
Is 2344302 a multiple of 783?
True
Is 4347890 a multiple of 262?
True
Is 194 a factor of 6779718?
True
Does 13 divide 5770817?
True
Does 832 divide 6272448?
True
Is 295 a factor of 130674?
False
Does 16 divide 170000?
True
Is 18 a factor of 84805?
False
Is 2400177 a multiple of 957?
False
Does 6 divide 9192?
True
Is 79 a factor of 494871?
False
Is 15 a factor of 40123132?
False
Does 17 divide 5617545?
False
Is 703948 a multiple of 31?
True
Does 97 divide 237650?
True
Is 35 a factor of 313320?
True
Does 46 divide 111734?
True
Is 439 a factor of 245018?
False
Is 345 a factor of 2254230?
True
Is 206 a factor of 165006?
True
Does 139 divide 19367704?
True
Is 139467 a multiple of 3?
True
Is 119 a factor of 182596?
False
Is 193 a factor of 4003241?
False
Does 10 divide 1174760?
True
Is 4 a factor of 279504?
True
Is 241 a factor of 80976?
True
Does 20 divide 1561203?
False
Is 22 a factor of 955130?
True
Is 28 a factor of 51155?
False
Is 708 a factor of 3306012?
False
Is 200776 a multiple of 8?
True
Is 9767906 a multiple of 19?
False
Does 122 divide 115868?
False
Is 96481 a multiple of 179?
True
Does 441 divide 7328835?
False
Is 248 a factor of 665136?
True
Is 2976705 a multiple of 29?
True
Is 58 a factor of 5943086?
True
Is 27 a factor of 4712000?
False
Does 168 divide 5382124?
False
Does 4 divide 7756?
True
Is 75 a factor of 445530?
False
Is 835980 a multiple of 21?
False
Does 19 divide 15504?
True
Is 2908785 a multiple of 55?
True
Is 482738 a multiple of 46?
False
Is 1309749 a multiple of 269?
False
Is 435840 a multiple of 40?
True
Is 1942702 a multiple of 71?
True
Does 23 divide 22103?
True
Is 1651328 a multiple of 896?
True
Is 10 a factor of 410980?
True
Is 44 a factor of 22936?
False
Does 2 divide 166913?
False
Is 40 a factor of 7879640?
True
Is 210 a factor of 246750?
True
Is 151213 a multiple of 13?
False
Does 747 divide 377280?
False
Does 143 divide 20536802?
True
Is 245 a factor of 57013?
False
Is 25 a factor of 20111?
False
Does 33 divide 367319?
False
Is 134 a factor of 724940?
True
Does 15 divide 201683?
False
Is 87808 a multiple of 402?
False
Does 453 divide 277689?
True
Does 2 divide 16358?
True
Is 10272092 a multiple of 337?
False
Is 16 a factor of 1713732?
False
Is 467 a factor of 214353?
True
Is 6 a factor of 110490?
True
Does 42 divide 294?
True
Is 1014264 a multiple of 531?
False
Does 12 divide 15829296?
True
Does 278 divide 1580204?
False
Is 138 a factor of 1055562?
True
Does 92 divide 1263732?
False
Does 16 divide 399908?
False
Is 191 a factor of 1048972?
True
Is 108025 a multiple of 149?
True
Is 116 a factor of 632084?
True
Does 182 divide 10873044?
True
Is 358 a factor of 2826052?
True
Is 30 a factor of 3499539?
False
Is 3259378 a multiple of 104?
False
Is 1049176 a multiple of 53?
False
Does 373 divide 3198848?
True
Is 185 a factor of 987900?
True
Is 141 a factor of 1250670?
True
Is 6 a factor of 20496?
True
Does 12 divide 1006791?
False
Is 125 a factor of 5516812?
False
Does 11 divide 21607?
False
Is 161 a factor of 118174?
True
Does 449 divide 2245940?
False
Does 204 divide 13668?
True
Is 6628770 a multiple of 45?
True
Does 37 divide 902319?
True
Is 77613 a multiple of 41?
True
Is 17 a factor of 106510?
False
Is 210 a factor of 84630?
True
Is 116 a factor of 527131?
False
Is 35 a factor of 427887?
False
Is 2464286 a multiple of 121?
True
Is 84630 a multiple of 182?
True
Is 45 a factor of 767230?
False
Is 1596994 a multiple of 47?
False
Is 5497393 a multiple of 10?
False
Is 14 a factor of 168210?
True
Does 131 divide 9460296?
True
Is 7 a factor of 7532434?
True
Is 203 a factor of 741559?
True
Is 1243071 a multiple of 204?
False
Does 21 divide 23782?
False
Is 485 a factor of 13137322?
False
Is 202724 a multiple of 59?
True
Is 210771 a multiple of 81?
False
Does 103 divide 1451167?
True
Does 4 divide 828?
True
Does 151 divide 5426940?
True
Is 430730 a multiple of 3?
False
Does 73 divide 105339?
True
Is 293 a factor of 3248689?
False
Is 4297728 a multiple of 1397?
False
Is 671280 a multiple of 15?
True
Is 20 a factor of 210279?
False
Is 39948 a multiple of 6?
True
Does 928 divide 246620?
False
Does 62 divide 12107?
False
Is 15300 a multiple of 85?
True
Does 21 divide 102079?
False
Is 44616 a multiple of 254?
False
Does 323 divide 124678?
True
Is 110 a factor of 197844?
False
Is 1378270 a multiple of 11?
False
Is 3118535 a multiple of 19?
False
Does 8 divide 3920800?
True
Is 31 a factor of 4914485?
False
Is 229 a factor of 5033207?
False
Is 36 a factor of 7885548?
True
Does 29 divide 251749?
True
Does 60 divide 4340880?
True
Is 95 a factor of 3077240?
True
Is 140650 a multiple of 6?
False
Is 10348 a multiple of 30?
False
Is 109 a factor of 174400?
True
Is 71 a factor of 147467?
True
Does 434 divide 245268?
False
Is 8 a factor of 5439490?
False
Does 79 divide 2105666?
True
Does 89 divide 1911720?
True
Does 7 divide 25